oes 11 divide 978?
False
Is 34 a factor of 2448?
True
Is 6 a factor of 210?
True
Does 7 divide 2751?
True
Does 63 divide 29988?
True
Is 43 a factor of 9503?
True
Is 200 a factor of 4503?
False
Is 68 a factor of 1346?
False
Is 14 a factor of 40782?
True
Is 1313 a multiple of 124?
False
Is 12 a factor of 136?
False
Is 15 a factor of 39117?
False
Is 6 a factor of 23180?
False
Is 2074 a multiple of 34?
True
Is 3 a factor of 57?
True
Is 17871 a multiple of 79?
False
Does 4 divide 594?
False
Is 7764 a multiple of 28?
False
Is 3 a factor of 63?
True
Is 3664 a multiple of 198?
False
Does 22 divide 10692?
True
Does 57 divide 57380?
False
Is 17 a multiple of 7?
False
Is 40 a factor of 153?
False
Is 2448 a multiple of 48?
True
Does 36 divide 58806?
False
Does 93 divide 5115?
True
Is 1320 a multiple of 14?
False
Is 7120 a multiple of 20?
True
Is 5 a factor of 1203?
False
Does 54 divide 162?
True
Is 24423 a multiple of 8?
False
Is 20 a factor of 34540?
True
Does 2 divide 2505?
False
Is 1794 a multiple of 69?
True
Does 13 divide 140114?
True
Is 708 a multiple of 10?
False
Is 9 a factor of 425?
False
Is 12 a factor of 16167?
False
Is 28 a factor of 2504?
False
Is 2 a factor of 316?
True
Does 7 divide 673?
False
Does 184 divide 94024?
True
Is 51 a factor of 4842?
False
Is 37 a factor of 31820?
True
Is 89 a factor of 16422?
False
Is 156 a factor of 4054?
False
Is 8942 a multiple of 59?
False
Does 31 divide 772?
False
Is 3 a factor of 307?
False
Is 42 a factor of 18312?
True
Is 123 a multiple of 10?
False
Does 32 divide 21888?
True
Is 5627 a multiple of 57?
False
Is 7 a factor of 1498?
True
Is 7 a factor of 4816?
True
Does 13 divide 2301?
True
Is 27132 a multiple of 76?
True
Does 21 divide 53419?
False
Is 348 a multiple of 6?
True
Does 15 divide 4560?
True
Is 118030 a multiple of 319?
True
Is 1163 a multiple of 163?
False
Is 16 a factor of 2800?
True
Is 113498 a multiple of 134?
True
Is 98 a factor of 60907?
False
Does 101 divide 4545?
True
Is 205 a factor of 51285?
False
Is 1744 a multiple of 3?
False
Is 4995 a multiple of 9?
True
Is 4612 a multiple of 151?
False
Does 50 divide 1350?
True
Is 54090 a multiple of 15?
True
Does 59 divide 493?
False
Is 117 a factor of 3744?
True
Is 39 a factor of 3081?
True
Is 3904 a multiple of 18?
False
Is 8 a factor of 6626?
False
Is 14 a factor of 4578?
True
Is 4 a factor of 2331?
False
Is 14 a factor of 1745?
False
Is 41 a factor of 120827?
True
Does 50 divide 1421?
False
Does 13 divide 8671?
True
Does 3 divide 14699?
False
Is 43158 a multiple of 164?
False
Is 7956 a multiple of 13?
True
Is 48 a multiple of 12?
True
Is 55 a factor of 2277?
False
Is 5258 a multiple of 15?
False
Does 12 divide 78?
False
Is 51 a factor of 15097?
False
Does 10 divide 4798?
False
Does 22 divide 3113?
False
Does 64 divide 33585?
False
Is 6 a factor of 4121?
False
Is 174 a multiple of 13?
False
Is 5376 a multiple of 86?
False
Is 8 a factor of 5538?
False
Is 1288 a multiple of 36?
False
Is 3 a factor of 15?
True
Is 2984 a multiple of 4?
True
Does 16 divide 692?
False
Does 40 divide 20080?
True
Is 31 a factor of 8522?
False
Is 46 a factor of 152?
False
Does 24 divide 14448?
True
Is 7041 a multiple of 271?
False
Does 96 divide 13056?
True
Does 201 divide 2396?
False
Does 58 divide 696?
True
Does 2 divide 72?
True
Is 9007 a multiple of 57?
False
Does 97 divide 7469?
True
Does 17 divide 680?
True
Does 59 divide 5900?
True
Does 10 divide 305?
False
Is 437 a multiple of 22?
False
Does 29 divide 1875?
False
Does 17 divide 307?
False
Is 31311 a multiple of 20?
False
Does 18 divide 26946?
True
Does 5 divide 669?
False
Is 6006 a multiple of 21?
True
Is 94 a factor of 71064?
True
Does 5 divide 3133?
False
Does 9 divide 4356?
True
Is 34 a factor of 549?
False
Is 979 a multiple of 22?
False
Is 70 a multiple of 14?
True
Is 46762 a multiple of 103?
True
Is 23 a factor of 12621?
False
Is 12 a factor of 53004?
True
Does 35 divide 6584?
False
Is 4 a factor of 312?
True
Is 174 a multiple of 6?
True
Is 4896 a multiple of 12?
True
Does 3 divide 431?
False
Is 10 a factor of 750?
True
Does 15 divide 450?
True
Is 17 a factor of 11703?
False
Is 20 a factor of 3061?
False
Is 2806 a multiple of 59?
False
Is 18 a factor of 89344?
False
Is 29 a factor of 60639?
True
Is 26846 a multiple of 13?
False
Is 111 a factor of 4551?
True
Is 70595 a multiple of 108?
False
Does 15 divide 32925?
True
Does 58 divide 464?
True
Is 4685 a multiple of 9?
False
Is 712 a multiple of 8?
True
Does 247 divide 14326?
True
Is 5826 a multiple of 14?
False
Is 99 a factor of 97071?
False
Does 5 divide 7347?
False
Is 11406 a multiple of 16?
False
Does 3 divide 3327?
True
Does 15 divide 161?
False
Does 20 divide 780?
True
Is 85 a factor of 4092?
False
Does 3 divide 7866?
True
Does 185 divide 20165?
True
Is 4971 a multiple of 18?
False
Is 26 a factor of 780?
True
Is 24206 a multiple of 245?
False
Is 476 a multiple of 34?
True
Is 1600 a multiple of 29?
False
Does 41 divide 82?
True
Is 802 a multiple of 15?
False
Is 242 a multiple of 4?
False
Is 2420 a multiple of 22?
True
Is 9657 a multiple of 37?
True
Is 25284 a multiple of 74?
False
Does 121 divide 333?
False
Does 24 divide 672?
True
Is 1105 a multiple of 5?
True
Does 16 divide 268?
False
Does 110 divide 7810?
True
Does 10 divide 485?
False
Does 29 divide 74588?
True
Does 29 divide 464?
True
Is 14 a factor of 1344?
True
Is 7387 a multiple of 89?
True
Does 12 divide 504?
True
Is 438 a multiple of 74?
False
Is 928 a multiple of 3?
False
Does 2 divide 3489?
False
Is 7906 a multiple of 7?
False
Is 349 a multiple of 18?
False
Is 44 a factor of 32337?
False
Is 71 a factor of 2928?
False
Is 1956 a multiple of 28?
False
Does 9 divide 110?
False
Does 10 divide 2035?
False
Is 10 a factor of 15150?
True
Is 6912 a multiple of 36?
True
Does 58 divide 871?
False
Is 5 a factor of 355?
True
Is 58 a factor of 12180?
True
Does 46 divide 1288?
True
Is 13 a factor of 2964?
True
Is 960 a multiple of 20?
True
Is 571 a multiple of 2?
False
Does 46 divide 849?
False
Is 8 a factor of 5056?
True
Is 15 a factor of 50337?
False
Is 100 a factor of 400?
True
Does 58 divide 956?
False
Is 21990 a multiple of 6?
True
Is 143 a factor of 15444?
True
Is 42476 a multiple of 164?
True
Does 25 divide 8550?
True
Is 17 a factor of 319?
False
Does 61 divide 139?
False
Is 20879 a multiple of 84?
False
Is 21 a factor of 8508?
False
Does 10 divide 844?
False
Is 7 a factor of 398?
False
Is 11 a factor of 12427?
False
Is 52 a factor of 28912?
True
Is 2 a factor of 339?
False
Is 50922 a multiple of 27?
True
Is 11 a factor of 1097?
False
Does 6 divide 366?
True
Does 20 divide 13226?
False
Is 809 a multiple of 16?
False
Does 23 divide 16238?
True
Does 94 divide 23081?
False
Does 23 divide 1127?
True
Is 692 a multiple of 15?
False
Is 30 a factor of 3780?
True
Does 4 divide 645?
False
Does 14 divide 1974?
True
Is 2871 a multiple of 87?
True
Is 3458 a multiple of 13?
True
Is 9 a factor of 2223?
True
Is 13 a factor of 1006?
False
Is 2258 a multiple of 5?
False
Is 1185 a multiple of 79?
True
Is 485 a multiple of 28?
False
Does 12 divide 297?
False
Is 30 a factor of 91650?
True
Is 11 a factor of 1924?
False
Is 156 a factor of 14040?
True
Is 9 a factor of 3182?
False
Does 20 divide 880?
True
Is 3398 a multiple of 21?
False
Does 73 divide 803?
True
Is 811 a multiple of 30?
False
Is 8 a factor of 94283?
False
Is 18 a factor of 468?
True
Does 43 divide 1650?
False
Is 1400 a multiple of 14?
True
Is 65255 a multiple of 116?
False
Is 5378 a multiple of 111?
False
Is 8454 a multiple of 20?
False
Is 13 a factor of 95698?
False
Does 28 divide 7110?
False
Does 13 divide 1430?
True
Does 67 divide 1308?
False
Is 5 a factor of 1017?
False
Is 13 a factor of 103911?
False
Is 31 a factor of 249?
False
Is 193 a factor of 7913?
True
Does 4 divide 22408?
True
Is 21 a factor of 3245?
False
Is 1173 a multiple of 24?
False
Is 6995 a multiple of 25?
False
Is 768 a multiple of 32?
True
Is 27 a factor of 1611?
False
Does 82 divide 16566?
False
Is 59718 a multiple of 222?
True
Is 2645 a multiple of 17?
False
Is 93 a factor of 17112?
True
Does 9 divide 576?
True
Does 5 divide 21450?
True
Is 5 a factor of 205?
True
Is 6676 a multiple of 8?
False
Is 9969 a multiple of 55?
False
Is 1680 a multiple of 18?
False
Is 54 a factor of 864?
True
